+ 35*n**2 - 41*n + 211. Calculate s(34).
-27
Let q(r) = 13*r**2 + 15*r + 10. Determine q(-1).
8
Let g(i) = 3*i**3 + 21*i**2 + 13*i + 20. What is g(-6)?
50
Let x(i) = -i**3 + 102*i**2 - 2*i + 217. Determine x(102).
13
Let z(q) = 22*q + 651. What is z(-29)?
13
Let b(x) = 19*x - 27. Calculate b(5).
68
Let k(h) = -h**2 - 16*h + 39. Determine k(-22).
-93
Let m(g) = 3*g**2 - 416*g + 1643. What is m(134)?
-233
Let p(m) = 1121*m + 24658. Calculate p(-22).
-4
Let f(m) = m**3 + 33*m**2 + 29*m - 104. Determine f(-32).
-8
Let m(y) = -650*y**2 - 4*y + 3. Calculate m(-1).
-643
Let a(s) = -57*s - 61. What is a(5)?
-346
Let o(b) = b**2 + 39*b + 404. Give o(-13).
66
Let h(j) = j**2 + 172*j - 2208. Give h(12).
0
Let g(r) = -175*r + 16952. What is g(97)?
-23
Let h(i) = 2*i**3 - 100*i**2 + 109*i - 550. Calculate h(49).
-11
Let n(r) = -r**2 + 28*r + 15167. Give n(-110).
-13
Let r(g) = 17*g + 20. Determine r(-3).
-31
Let d(i) = -i**2 + 136*i - 741. Calculate d(130).
39
Let b(t) = 35*t + 47. Calculate b(0).
47
Let k(h) = h**3 + 2*h**2 - 85*h + 237. Give k(3).
27
Let a(g) = 33*g**2 - 48*g - 49. Calculate a(-1).
32
Let l(a) = -9*a**3 + 154*a**2 - 13*a - 68. What is l(17)?
0
Let r(l) = -70*l + 650. Give r(9).
20
Let u(k) = 136*k + 9539. Give u(-70).
19
Let i(f) = -11*f**2 + 83*f - 6. Give i(6).
96
Let a(o) = 3*o - 247. Determine a(7).
-226
Let b(v) = -20*v**3 - 1821*v**2 - 91*v. Give b(-91).
0
Let v(o) = 1131*o - 29436. Calculate v(26).
-30
Let f(h) = -2*h**3 - 10*h**2 + 3*h - 55. What is f(-6)?
-1
Let g(t) = -t**3 - 9*t**2 - 20*t + 12. Determine g(-10).
312
Let c(r) = -r**3 + 65*r**2 - 65*r - 18. Give c(64).
-82
Let j(v) = -6*v**2 + 39*v + 4. Calculate j(8).
-68
Let t(p) = 20*p - 82. Calculate t(16).
238
Let v(f) = -24*f**3 + 8*f**2 + f - 20. Determine v(-2).
202
Let b(i) = -37*i - 356. Calculate b(-7).
-97
Let w(l) = -1280*l + 85764. Calculate w(67).
4
Let r(u) = u**2 + 10*u + 40. What is r(-4)?
16
Let w(z) = -6*z**2 + 21*z + 7. Determine w(-5).
-248
Let s(f) = -f**3 + 2*f - 51. Give s(0).
-51
Let c(t) = -24*t - 44. Determine c(-5).
76
Let r(m) = m**2 - 28*m - 232. What is r(34)?
-28
Let g(d) = -d**2 + 5*d + 437. Calculate g(-18).
23
Let c(k) = -k**3 - 31*k**2 - 67*k - 265. What is c(-29)?
-4
Let q(n) = 80*n - 499. Give q(6).
-19
Let p(i) = i**3 - 33*i**2 + 93*i - 143. Calculate p(30).
-53
Let u(h) = h**3 + 34*h**2 + 65*h + 63. Determine u(-32).
31
Let n(s) = -7*s**2 - 343*s + 149. What is n(-49)?
149
Let a(k) = k**2 + 178*k - 3301. Give a(17).
14
Let k(f) = -f**2 - 35*f - 5. What is k(-3)?
91
Let b(w) = -51*w**2 + 738*w - 323. Calculate b(14).
13
Let p(l) = 14*l**2 + 164*l + 411. What is p(-4)?
-21
Let c(x) = -8*x**2 + 81*x - 57. Give c(9).
24
Let b(v) = -v**3 - 165*v**2 - 194*v - 4910. Calculate b(-164).
10
Let g(u) = -u**2 - 5*u + 138. Determine g(0).
138
Let i(s) = -75*s - 7117. What is i(-90)?
-367
Let b(v) = -127*v - 3056. Calculate b(-24).
-8
Let u(t) = 4*t**2 + 81*t - 54. What is u(-21)?
9
Let c(g) = -g**3 + 9*g**2 + 69*g - 425. What is c(6)?
97
Let j(r) = -12*r**2 - 9*r + 153. Determine j(-4).
-3
Let d(x) = -x**3 - 3*x**2 + 14*x - 191. What is d(-8)?
17
Let t(c) = c**3 + c**2 - 77*c - 52. Determine t(-9).
-7
Let h(c) = 3*c**2 + 569*c - 4367. Determine h(-197).
-33
Let l(i) = i**3 - 15*i**2 - 35*i + 40. Determine l(17).
23
Let f(y) = y**3 - 30*y**2 + 121*y + 127. What is f(25)?
27
Let q(v) = 246*v - 197. What is q(1)?
49
Let y(g) = -g**3 - 36*g**2 + 57*g + 69. What is y(-37)?
-671
Let m(r) = -2*r**3 - 5*r**2 - 66*r - 135. Determine m(-2).
-7
Let g(b) = b**2 - 57*b - 1318. Determine g(-17).
-60
Let x(f) = f**3 + 2*f**2 - 24*f - 62. Give x(-5).
-17
Let h(x) = x**3 - 4*x**2 - 28*x + 60. Calculate h(7).
11
Let f(c) = 39*c - 213. Determine f(6).
21
Let c(z) = z**3 + 5*z**2 + 26*z + 39. What is c(-2)?
-1
Let r(s) = s**2 - 1169*s - 31082. Calculate r(-26).
-12
Let m(l) = 23*l**2 + 43*l - 2. Determine m(-2).
4
Let k(o) = -4*o**2 - 5*o + 19. Give k(-8).
-197
Let o(t) = -t**3 - t**2 - 2*t + 154. What is o(0)?
154
Let r(s) = s**3 + 2*s**2 - 38*s - 143. Determine r(-4).
-23
Let m(i) = -862*i + 855. Determine m(1).
-7
Let b(z) = -11*z**2 - 146*z + 604. Determine b(4).
-156
Let n(r) = 2*r**3 - 18*r**2 + 16*r - 9. Calculate n(0).
-9
Let d(v) = 1450*v + 13084. Calculate d(-9).
34
Let k(a) = -73*a - 1001. Give k(-14).
21
Let r(u) = 2*u**3 - 26*u**2 + 26*u - 55. Calculate r(12).
-31
Let l(f) = -108*f + 1301. What is l(12)?
5
Let u(m) = -10*m**2 + 29*m - 26. Determine u(1).
-7
Let x(c) = -c**3 + 14*c**2 + 40*c + 48. Determine x(17).
-139
Let m(w) = -93*w - 160. Give m(-2).
26
Let w(v) = -v**2 - 8*v + 270. What is w(-21)?
-3
Let v(c) = -239*c - 6935. Calculate v(-29).
-4
Let j(t) = 3*t + 136. Calculate j(-29).
49
Let m(b) = -b**3 + 19*b**2 + b + 39. Calculate m(19).
58
Let z(i) = -2*i**2 + 2742. Determine z(38).
-146
Let j(z) = -119*z + 433. Give j(3).
76
Let j(k) = -2120*k - 48760. Determine j(-23).
0
Let r(b) = -6*b - 149. What is r(-20)?
-29
Let c(z) = 234*z - 3010. What is c(13)?
32
Let r(b) = -181*b - 1684. Determine r(-9).
-55
Let k(x) = 1291*x + 3902. Calculate k(-3).
29
Let d(n) = -614*n + 22723. What is d(37)?
5
Let o(l) = -16*l**2 + 49*l + 154. Give o(-3).
-137
Let m(h) = 25*h - 90. Calculate m(4).
10
Let g(a) = -6*a - 130. Determine g(7).
-172
Let w(z) = -z**2 + 26*z + 20. Determine w(26).
20
Let q(m) = -52*m**2 + 5*m - 16. What is q(2)?
-214
Let m(r) = -62*r**2 + r + 1. Give m(2).
-245
Let s(t) = -5*t - 134. What is s(-26)?
-4
Let u(h) = -3*h**3 - 75*h**2 - 7*h - 131. Give u(-25).
44
Let o(b) = -b**2 - 11*b + 6. Determine o(-14).
-36
Let b(o) = -o**2 + 263*o - 1514. What is b(6)?
28
Let m(s) = -1194*s - 17901. Give m(-15).
9
Let f(a) = -a**3 - 17*a**2 + 76*a - 25. Calculate f(-21).
143
Let w(m) = 2*m**3 + 4*m**2 + 3*m - 12. Give w(3).
87
Let i(z) = -z**3 - 46*z**2 - 90*z - 55. Give i(-44).
33
Let d(z) = -162*z - 949. Determine d(-6).
23
Let b(y) = -8*y**2 - 267*y - 76. Calculate b(-33).
23
Let v(n) = -2*n**3 - 166*n**2 + 164*n - 312. Determine v(-84).
24
Let x(w) = -83*w - 11. Give x(-1).
72
Let g(k) = k**2 - 27*k - 710. Determine g(43).
-22
Let d(q) = 355*q**2 + 5324*q - 24. Calculate d(-15).
-9
Let w(k) = -k**2 - 21*k - 56. Determine w(-26).
-186
Let y(p) = -84*p**2 - 11*p + 12. What is y(1)?
-83
Let b(s) = 64*s - 7345. Determine b(116).
79
Let s(h) = -3*h**2 - 5*h + 7. Give s(0).
7
Let u(r) = 3*r + 177. Calculate u(-21).
114
Let k(t) = 246*t + 1777. Give k(-7).
55
Let a(f) = 5*f + 136. Determine a(16).
216
Let o(h) = -h**3 - 18*h**2 - 764*h - 10784. Determine o(-15).
1
Let s(u) = 1623*u + 1581. Calculate s(-1).
-42
Let m(r) = -14*r - 251. What is m(-26)?
113
Let l(t) = -12*t - 169. What is l(-15)?
11
Let g(f) = -2*f + 91. What is g(16)?
59
Let g(y) = -y**2 - 311*y - 2716. Determine g(-9).
2
Let r(j) = -7*j**3 + 90*j**2 + 55*j - 573. Calculate r(13).
-27
Let j(u) = u**3 - 3*u**2 - 173*u - 210. Determine j(-11).
-1
Let j(o) = 52*o**2 - 328*o + 82. Calculate j(6).
-14
Let x(p) = -p**2 + 88*p + 529. What is x(-6)?
-35
Let f(z) = -z**3 + 11*z**2 - 9*z - 38. Determine f(10).
-28
Let j(z) = 1017*z + 1036. What is j(-1)?
19
Let g(w) = -114*w - 451. What is g(-4)?
5
Let f(u) = -u**2 + 25*u + 207. Calculate f(33).
-57
Let z(u) = 19*u + 35. Give z(-13).
-212
Let y(s) = 5*s**2 - 35*s + 207. Give y(5).
157
Let w(t) = -66*t**3 + t**2 - 5*t + 4. Calculate w(1).
-66
Let d(r) = 27*r**2 - 54*r - 8. What is d(2)?
-8
Let b(m) = m**3 - m**2 - 5*m + 102. Give b(0).
102
Let b(t) = 51*t**2 - 4285*t + 50. Determine b(84).
-34
Let j(v) = -v**3 + 9*v**2 - 15*v - 10. What is j(3)?
-1
Let m(l) = l**3 + 57*l**2 - l - 20. Calculate m(0).
-20
Let t(j) = -j**2 + 181*j - 1867. Calculate t(11).
3
Let r(y) = 6*y - 572. Calculate r(94).
-8
Let u(y) = y**2 + 32*y + 120. Calculate u(11).
593
Let z(t) = t**2 + 83*t + 64. Determine z(-86).
322
Let z(j) = j**3 + 37*j**2 + 18*j + 718. Calculate z(-37).
52
Let t(z) = z**2 + 635*z + 4410. Determine t(-7).
14
Let q(z) = -7*z - 31. Calculate q(-21).
116
Let f(y) = -3*y**2 + 45*y - 106. Give f(12).
2
Let h(o) = -13*o - 542. Give h(-44).
30
Let g(j) = -j**2 - 129*j + 4752. Determine g(30).
-18
Let v(a) = 246*a - 1239. Calculate v(5).
-9
Let v(f) = 2*f**2 + 2619*f - 5229. Calculate v(2).
17
Let k(h) = h**2 - 43*h - 3. Calculate k(40).
-123
Let t(h) = -h**2 +